{"id":2187,"date":"2021-10-29T07:26:10","date_gmt":"2021-10-29T06:26:10","guid":{"rendered":"http:\/\/www.auborddeleau.brussels\/?page_id=2187"},"modified":"2024-04-19T09:46:03","modified_gmt":"2024-04-19T08:46:03","slug":"coaching-professionnel-et-de-vie","status":"publish","type":"page","link":"https:\/\/www.auborddeleau.brussels\/index.php\/coaching-professionnel-et-de-vie\/","title":{"rendered":"Coaching professionnel et de vie &#8211; Fabienne Van Elmbt"},"content":{"rendered":"\n<p> <strong>Je vous accompagne vers le changement<\/strong><\/p>\n\n\n\n<figure class=\"wp-block-image size-large is-resized\"><img loading=\"lazy\" decoding=\"async\" src=\"https:\/\/www.auborddeleau.brussels\/wp-content\/uploads\/2021\/10\/Fran\u00e7oise-VE.jpeg\" alt=\"\" class=\"wp-image-2191\" width=\"325\" height=\"318\" srcset=\"https:\/\/www.auborddeleau.brussels\/wp-content\/uploads\/2021\/10\/Fran\u00e7oise-VE.jpeg 502w, https:\/\/www.auborddeleau.brussels\/wp-content\/uploads\/2021\/10\/Fran\u00e7oise-VE-300x294.jpeg 300w\" sizes=\"auto, (max-width: 325px) 100vw, 325px\" \/><\/figure>\n\n\n\n<p>Vous vivez un moment crucial dans votre vie, un changement ou une transition&nbsp;? <br>Vous \u00eates en proie \u00e0 une difficult\u00e9 sp\u00e9cifique&nbsp;dans  votre vie priv\u00e9e ou professionnelle ?<\/p>\n\n\n\n<p>Je suis Fabienne, COACH PROFESSIONNEL et de VIE et HYPNOTHERAPEUTE. Je vous accompagne avec justesse, non-jugement et bienveillance via des entretiens individuels.<\/p>\n\n\n\n<p>Pour avancer, on a parfois besoin d\u2019un petit coup de pouce\u2026 L\u2019aide que je vous propose, entre dialogue et exercices, vous permettra de faire \u00e9merger de nouveaux points de vue, de favoriser de nouvelles cl\u00e9s de compr\u00e9hension de votre situation et d\u2019\u00e9laborer vos propres solutions.<\/p>\n\n\n\n<p>Ce processus de COACHING aura pour r\u00e9sultat de vous appuyer davantage sur vos talents, vos qualit\u00e9s, vos valeurs, vos forces, et vos ressources &#8211; qui vous rendent uniques &#8211; mais aussi de d\u00e9passer vos blocages ou vos croyances et comportements limitants. Des \u00e9l\u00e9ments d\u00e9terminants pour retrouver DESIR, PLAISIR et BIEN-ETRE dans votre vie.<\/p>\n\n\n\n<p>Que pouvons-nous faire ensemble&nbsp;?<\/p>\n\n\n\n<ul class=\"wp-block-list\">\n<li>IDENTIFIER les projets qui vous correspondent&nbsp;et qui contribuent \u00e0 orienter votre avenir vers plus d&rsquo;\u00e9panouissement (lancement d\u2019un projet personnel, reconversion professionnelle, \u00e9volution familiale,\u2026)<\/li>\n\n\n\n<li>ECLAIRCIR une situation probl\u00e9matique&nbsp;ou douloureuse<\/li>\n\n\n\n<li>Prendre du RECUL sur une situation et faire le point afin de retrouver du calme et de l\u2019\u00e9nergie<\/li>\n\n\n\n<li>Aborder une TRANSITION personnelle ou professionnelle difficile (pr\u00e9 &amp; post burnout, post d\u00e9pression, licenciement, r\u00e9orientation,\u2026)<\/li>\n\n\n\n<li>DEPASSER vos peurs et vos blocages (augmenter l\u2019estime de soi, aider \u00e0 la prise de d\u00e9cision et au passage \u00e0 l\u2019action,\u2026) en renfor\u00e7ant vos aptitudes, RESSOURCES et comp\u00e9tences<\/li>\n\n\n\n<li>Aider \u00e0 mieux vous COMPRENDRE, mieux vous CONNAITRE (qu\u00eate identitaire, recherche de sens)<\/li>\n\n\n\n<li>EXPLORER des doutes d\u00e9cisionnels et d\u00e9terminer les actions ad\u00e9quates<\/li>\n\n\n\n<li>REGULER vos \u00e9motions<\/li>\n\n\n\n<li>Pour les HYPERSENSIBLES&nbsp;: comprendre et ACCEPTER votre sensibilit\u00e9 \u00e9lev\u00e9e<\/li>\n<\/ul>\n\n\n\n<p>A qui s\u2019adresse cet accompagnement&nbsp;?<br>J\u2019accompagne les personnes&nbsp;:<\/p>\n\n\n\n<ul class=\"wp-block-list\">\n<li>en phase de TRANSITION et de CHANGEMENT personnel, familial ou professionnel<\/li>\n\n\n\n<li>en RECHERCHE de SENS&nbsp;: qu\u00eate identitaire, r\u00e9alisation de soi et mission de vie<\/li>\n\n\n\n<li> vivant des situations de BLOCAGE ou de CRISE&nbsp;: licenciement, pr\u00e9 &amp; post burn out, post d\u00e9pression,\u2026<\/li>\n\n\n\n<li>\u00e9prouvant des difficult\u00e9s RELATIONNELLES, des insatisfactions chroniques<\/li>\n\n\n\n<li>qui sont en proie \u00e0 des DOUTES ou des DILEMNES d\u00e9cisionnels<\/li>\n\n\n\n<li>qui manquent de CONFIANCE en elles<\/li>\n\n\n\n<li>ressentant un MAL-ETRE EMOTIONNEL&nbsp;: col\u00e8re qui gronde, tristesse qui persiste,\u2026<\/li>\n<\/ul>\n\n\n\n<p>Mes sp\u00e9cificit\u00e9s&nbsp;?<\/p>\n\n\n\n<ul class=\"wp-block-list\">\n<li>Dans mes accompagnements, je pratique un COACHING SYSTEMIQUE. A la diff\u00e9rence du coaching traditionnel qui se concentre principalement sur les objectifs individuels, le coaching syst\u00e9mique explore les interactions et les dynamiques entre l&rsquo;individu, son entourage, sa famille, son travail et les syst\u00e8mes auxquels il appartient.<\/li>\n\n\n\n<li>Form\u00e9e \u00e0 l\u2019HYPNOSE ERICKSONIENNE, j&rsquo;utilise cet outil th\u00e9rapeutique, quand c\u2019est n\u00e9cessaire, pour aider mes clients \u00e0 surmonter les obstacles et \u00e0 atteindre leurs objectifs de mani\u00e8re plus rapide, plus efficace mais aussi de fa\u00e7on p\u00e9renne. Les BIENFAITS de l&rsquo;hypnose sont nombreux&nbsp;: am\u00e9lioration de la confiance en soi, gestion du stress, gestion des \u00e9motions, am\u00e9lioration des performances, gestion des habitudes nocives,&#8230;<\/li>\n\n\n\n<li>Gr\u00e2ce \u00e0 mon exp\u00e9rience en tant que COACH et CONSULTANTE en outplacement, j&rsquo;accompagne de nombreuses personnes en transition de carri\u00e8re afin de les aider \u00e0 regagner CONFIANCE apr\u00e8s un licenciement.<\/li>\n\n\n\n<li>Dot\u00e9e d\u2019une sensibilit\u00e9 particuli\u00e8re, j\u2019accompagne les personnes HYPERSENSIBLES via un accompagnement sp\u00e9cifique et personnalis\u00e9. A ce jour, j&rsquo;ai accompagn\u00e9 des dizaines de personnes HSP et je donne des CONFERENCES sur le sujet pour des entreprises et des centres de formation.<\/li>\n<\/ul>\n\n\n\n<p>A quoi ressemble un parcours de coaching ?<\/p>\n\n\n\n<p>Votre parcours de coaching d\u00e9bute par un premier entretien qui permet de faire connaissance. Il vise \u00e0 cerner votre probl\u00e9matique. Ceci afin d\u2019identifier l\u2019objectif principal que vous souhaitez atteindre. Une s\u00e9ance dure approximativement 1 heure (pr\u00e9voir 1h15 pour le premier entretien). La dur\u00e9e du COACHING est fonction de votre propre cheminement et implication. Ma mission \u00e9tant de vous rendre autonome le plus rapidement possible.<\/p>\n\n\n\n<p>Au plaisir de vous rencontrer et de faire un bout de chemin ensemble\u2026<\/p>\n\n\n\n<p><strong><u>Renseignements et r\u00e9servations :<\/u><\/strong><\/p>\n\n\n\n<p>Website&nbsp;: <a href=\"https:\/\/www.tellme-coaching.be\/\">www.tellme-coaching.be<\/a> &#8211; Mail:&nbsp;<a href=\"mailto:fve@tellme-coaching.be\">fve@tellme-coaching.be<\/a> &#8211; Tel: +32 (0) 486 691 144<\/p>\n\n\n\n<p>Tarifs : 75 \u20ac la s\u00e9ance<\/p>\n\n\n\n<p><strong>Formations&nbsp;&amp; certifications :<\/strong><\/p>\n\n\n\n<ul class=\"wp-block-list\">\n<li>Coach en d\u00e9veloppement personnel &amp; professionnel certifi\u00e9e<br>CFIP &#8211; Centre pour la Formation et l\u2019Intervention psychosociologique<br>certifi\u00e9e ACSTH training programme\u00a0par l\u2019International Coach Federation (2019 &#8211; 2021)<\/li>\n\n\n\n<li>Technicienne en Hypnose Ericksonienne <br>CFIP &#8211; Centre pour la Formation et l\u2019Intervention psychosociologique<br>Certifi\u00e9e par la World Hypnosis Organization (2024)<\/li>\n\n\n\n<li>L\u2019approche syst\u00e9mique strat\u00e9gique de Palo Alto \/th\u00e9rapie br\u00e8ve<br>IGB &#8211; Institut Gregory Bateson (2021-2024)<\/li>\n\n\n\n<li>Anamn\u00e8se et th\u00e9rapie br\u00e8ve&nbsp;&#8211; AFNH &#8211; Association Fran\u00e7aise de Nouvelle Hypnose (2020)<\/li>\n\n\n\n<li>Du manager au leader agile&nbsp;&#8211; CNAM (2016)<\/li>\n\n\n\n<li>Initiation \u00e0 la pleine conscience\/Cycle mindfullness &#8211; ULB\/ Erasme (2013)<\/li>\n\n\n\n<li>Graduat en relations publiques\u00a0<strong>&#8211;\u00a0<\/strong>Haute Ecole Libre de Bruxelles Ilya Prigogine (1990-1993)<\/li>\n<\/ul>\n","protected":false},"excerpt":{"rendered":"<p>Je vous accompagne vers le changement Vous vivez un moment crucial dans votre vie, un changement ou une transition&nbsp;? Vous \u00eates en proie \u00e0 une difficult\u00e9 sp\u00e9cifique&nbsp;dans votre vie priv\u00e9e ou professionnelle ? Je suis Fabienne, COACH PROFESSIONNEL et de VIE et HYPNOTHERAPEUTE. Je vous accompagne avec justesse, non-jugement et bienveillance via des entretiens individuels. [&hellip;]<\/p>\n","protected":false},"author":1,"featured_media":0,"parent":0,"menu_order":0,"comment_status":"closed","ping_status":"closed","template":"page-templates\/full-width.php","meta":{"footnotes":""},"categories":[],"tags":[],"class_list":["post-2187","page","type-page","status-publish","hentry"],"_links":{"self":[{"href":"https:\/\/www.auborddeleau.brussels\/index.php\/wp-json\/wp\/v2\/pages\/2187","targetHints":{"allow":["GET"]}}],"collection":[{"href":"https:\/\/www.auborddeleau.brussels\/index.php\/wp-json\/wp\/v2\/pages"}],"about":[{"href":"https:\/\/www.auborddeleau.brussels\/index.php\/wp-json\/wp\/v2\/types\/page"}],"author":[{"embeddable":true,"href":"https:\/\/www.auborddeleau.brussels\/index.php\/wp-json\/wp\/v2\/users\/1"}],"replies":[{"embeddable":true,"href":"https:\/\/www.auborddeleau.brussels\/index.php\/wp-json\/wp\/v2\/comments?post=2187"}],"version-history":[{"count":23,"href":"https:\/\/www.auborddeleau.brussels\/index.php\/wp-json\/wp\/v2\/pages\/2187\/revisions"}],"predecessor-version":[{"id":3567,"href":"https:\/\/www.auborddeleau.brussels\/index.php\/wp-json\/wp\/v2\/pages\/2187\/revisions\/3567"}],"wp:attachment":[{"href":"https:\/\/www.auborddeleau.brussels\/index.php\/wp-json\/wp\/v2\/media?parent=2187"}],"wp:term":[{"taxonomy":"category","embeddable":true,"href":"https:\/\/www.auborddeleau.brussels\/index.php\/wp-json\/wp\/v2\/categories?post=2187"},{"taxonomy":"post_tag","embeddable":true,"href":"https:\/\/www.auborddeleau.brussels\/index.php\/wp-json\/wp\/v2\/tags?post=2187"}],"curies":[{"name":"wp","href":"https:\/\/api.w.org\/{rel}","templated":true}]}}