{"id":2325,"date":"2022-02-13T14:01:31","date_gmt":"2022-02-13T13:01:31","guid":{"rendered":"http:\/\/www.auborddeleau.brussels\/?page_id=2325"},"modified":"2022-03-11T11:39:29","modified_gmt":"2022-03-11T10:39:29","slug":"laurie-lardinois","status":"publish","type":"page","link":"https:\/\/www.auborddeleau.brussels\/index.php\/laurie-lardinois\/","title":{"rendered":"Laurie Lardinois"},"content":{"rendered":"\n<figure class=\"wp-block-image size-large is-resized\"><img loading=\"lazy\" decoding=\"async\" src=\"https:\/\/www.auborddeleau.brussels\/wp-content\/uploads\/2022\/02\/Laurie-nb-eau-1024x988.jpeg\" alt=\"\" class=\"wp-image-2327\" width=\"390\" height=\"376\" srcset=\"https:\/\/www.auborddeleau.brussels\/wp-content\/uploads\/2022\/02\/Laurie-nb-eau-1024x988.jpeg 1024w, https:\/\/www.auborddeleau.brussels\/wp-content\/uploads\/2022\/02\/Laurie-nb-eau-300x290.jpeg 300w, https:\/\/www.auborddeleau.brussels\/wp-content\/uploads\/2022\/02\/Laurie-nb-eau-768x741.jpeg 768w, https:\/\/www.auborddeleau.brussels\/wp-content\/uploads\/2022\/02\/Laurie-nb-eau-1536x1483.jpeg 1536w, https:\/\/www.auborddeleau.brussels\/wp-content\/uploads\/2022\/02\/Laurie-nb-eau-624x602.jpeg 624w, https:\/\/www.auborddeleau.brussels\/wp-content\/uploads\/2022\/02\/Laurie-nb-eau.jpeg 1728w\" sizes=\"auto, (max-width: 390px) 100vw, 390px\" \/><\/figure>\n\n\n\n<p>Aquatic-Healing : soins \u00e9nerg\u00e9tiques en eau chaude.<br>D\u00e9velopp\u00e9  par Jan Janssen, l&rsquo;Aquatic-Healing \u00e0 \u00e9t\u00e9 cr\u00e9\u00e9 pour amener le travail  \u00e9nerg\u00e9tique dans l&rsquo;eau chaude. Une attention particuli\u00e8re est mise sur  les chakras et les corps subtiles, en y incluant la dimension corporelle  du massage avec l&rsquo;eau.<\/p>\n\n\n\n<p>L\u2019eau nous permet d\u2019explorer de nouvelles zones de d\u00e9veloppement \npersonnel qui sont peu accessibles dans un travail th\u00e9rapeutique \nhabituel.<\/p>\n\n\n\n<p>Avec l\u2019eau, nous quittons la pesanteur terrestre pour entrer dans une\n nouvelle dimension. L\u00e9g\u00e8re, fluide, flottante, relaxante\u2026 Simple \nd\u00e9tente et bien-\u00eatre ou exploration profonde de nos dimensions non \nterrestre : le monde de l\u2019\u00e2me, de l\u2019Etre profond, la dimension cosmique,\n ou encore notre exp\u00e9rience pr\u00e9-natale\u2026<\/p>\n\n\n\n<p>Laurie est th\u00e9rapeute \u00e9nerg\u00e9ticienne et constellatrice form\u00e9e sur terre et dans l&rsquo;eau par Jan Janssen et Jacqueline Goossens.<br><\/p>\n\n\n\n<p>Contact : <br><\/p>\n\n\n\n<p><a href=\"mailto:laurielullaby@gmail.com\" target=\"_blank\" rel=\"noreferrer noopener\">laurielullaby@gmail.com<\/a><\/p>\n\n\n\n<p>0497.08.08.40<\/p>\n\n\n\n<p><a href=\"https:\/\/www.laurielardinois.com\" target=\"_blank\" rel=\"noreferrer noopener\">www.laurielardinois.com<\/a><\/p>\n","protected":false},"excerpt":{"rendered":"<p>Aquatic-Healing : soins \u00e9nerg\u00e9tiques en eau chaude.D\u00e9velopp\u00e9 par Jan Janssen, l&rsquo;Aquatic-Healing \u00e0 \u00e9t\u00e9 cr\u00e9\u00e9 pour amener le travail \u00e9nerg\u00e9tique dans l&rsquo;eau chaude. Une attention particuli\u00e8re est mise sur les chakras et les corps subtiles, en y incluant la dimension corporelle du massage avec l&rsquo;eau. L\u2019eau nous permet d\u2019explorer de nouvelles zones de d\u00e9veloppement personnel qui [&hellip;]<\/p>\n","protected":false},"author":1,"featured_media":0,"parent":0,"menu_order":0,"comment_status":"closed","ping_status":"closed","template":"page-templates\/full-width.php","meta":{"footnotes":""},"categories":[],"tags":[],"class_list":["post-2325","page","type-page","status-publish","hentry"],"_links":{"self":[{"href":"https:\/\/www.auborddeleau.brussels\/index.php\/wp-json\/wp\/v2\/pages\/2325","targetHints":{"allow":["GET"]}}],"collection":[{"href":"https:\/\/www.auborddeleau.brussels\/index.php\/wp-json\/wp\/v2\/pages"}],"about":[{"href":"https:\/\/www.auborddeleau.brussels\/index.php\/wp-json\/wp\/v2\/types\/page"}],"author":[{"embeddable":true,"href":"https:\/\/www.auborddeleau.brussels\/index.php\/wp-json\/wp\/v2\/users\/1"}],"replies":[{"embeddable":true,"href":"https:\/\/www.auborddeleau.brussels\/index.php\/wp-json\/wp\/v2\/comments?post=2325"}],"version-history":[{"count":3,"href":"https:\/\/www.auborddeleau.brussels\/index.php\/wp-json\/wp\/v2\/pages\/2325\/revisions"}],"predecessor-version":[{"id":2549,"href":"https:\/\/www.auborddeleau.brussels\/index.php\/wp-json\/wp\/v2\/pages\/2325\/revisions\/2549"}],"wp:attachment":[{"href":"https:\/\/www.auborddeleau.brussels\/index.php\/wp-json\/wp\/v2\/media?parent=2325"}],"wp:term":[{"taxonomy":"category","embeddable":true,"href":"https:\/\/www.auborddeleau.brussels\/index.php\/wp-json\/wp\/v2\/categories?post=2325"},{"taxonomy":"post_tag","embeddable":true,"href":"https:\/\/www.auborddeleau.brussels\/index.php\/wp-json\/wp\/v2\/tags?post=2325"}],"curies":[{"name":"wp","href":"https:\/\/api.w.org\/{rel}","templated":true}]}}