{"id":2557,"date":"2022-03-11T11:49:15","date_gmt":"2022-03-11T10:49:15","guid":{"rendered":"http:\/\/www.auborddeleau.brussels\/?page_id=2557"},"modified":"2022-03-11T11:49:15","modified_gmt":"2022-03-11T10:49:15","slug":"energies-subtiles-laurie-lardinois","status":"publish","type":"page","link":"https:\/\/www.auborddeleau.brussels\/index.php\/energies-subtiles-laurie-lardinois\/","title":{"rendered":"\u00c9nergies Subtiles &#8211; Laurie Lardinois"},"content":{"rendered":"\n<figure class=\"wp-block-image size-large\"><img loading=\"lazy\" decoding=\"async\" width=\"294\" height=\"305\" src=\"https:\/\/www.auborddeleau.brussels\/wp-content\/uploads\/2022\/03\/Laurie-NB1.jpg\" alt=\"\" class=\"wp-image-2559\" srcset=\"https:\/\/www.auborddeleau.brussels\/wp-content\/uploads\/2022\/03\/Laurie-NB1.jpg 294w, https:\/\/www.auborddeleau.brussels\/wp-content\/uploads\/2022\/03\/Laurie-NB1-289x300.jpg 289w\" sizes=\"auto, (max-width: 294px) 100vw, 294px\" \/><\/figure>\n\n\n\n<p>\n&#8211; Soins \u00e9nerg\u00e9tiques \u00a0\u00bb \u00c9nergies Subtiles \u00a0\u00bb &#8211; Constellations \nfamiliales &amp; syst\u00e9miques &#8211; Accompagnement verbal et \u00e9motionnel par \nla Pr\u00e9sence<\/p>\n\n\n\n<p>Je suis th\u00e9rapeute et artiste.\nMon aspiration profonde est de pouvoir offrir au monde la gu\u00e9rison, l\u2019amour, la sagesse et la paix.&nbsp;\nCela prend forme aussi bien \u00e0 travers mon art que ma pratique d\u2019accompagnement.<br>Suite\n \u00e0 des probl\u00e8mes de sant\u00e9 importants, je me suis tourn\u00e9e tr\u00e8s t\u00f4t vers \nles th\u00e9rapies alternatives. J&rsquo;y ai d\u00e9couvert un nouveau monde, un monde au-del\u00e0 du visible, comme un langage entre le corps, l\u2019\u00e2me, et nous. Il me permettra de transformer mes probl\u00e8mes en une exp\u00e9rience de vie initiatique. <br>\n&nbsp;\nHyper-sensible, les \u00e9nergies subtiles font partie de mon quotidien.\n Mon chemin est spirituel, tout en \u00e9tant bien incarn\u00e9 dans le corps, la \nmati\u00e8re et la vie mat\u00e9rielle.\n\n<\/p>\n\n\n\n<p>Immerg\u00e9e depuis 2014 ans dans l\u2019art de la \u00ab Pr\u00e9sence Int\u00e9grale&nbsp;\u00bb \n(d\u00e9velopp\u00e9 par Jan Janssen) cette pratique est devenue ma mani\u00e8re de \nvivre.<strong>J\u2019accompagne toute demande avec trois pratiques principales :<\/strong><strong>\u2013 Les soins \u00e9nerg\u00e9tiques, les <a href=\"https:\/\/laurielardinois.com\/energies-subtiles\/\" target=\"_blank\" rel=\"noreferrer noopener\">Energies Subtiles<\/a> &amp; la pr\u00e9sence int\u00e9grale.<\/strong>\nEnseignement par Jan Janssen (suivant le mod\u00e8le de Barbara Ann \nBrennan \u2013 School Of Healing \u2013 4 ans), certifi\u00e9e et accr\u00e9dit\u00e9e, je \ncontinue ce chemin actuellement pour la 8eme ann\u00e9e. Les soins \n\u00e9nerg\u00e9tiques permettent un accompagnement avec une subtilit\u00e9, une \npr\u00e9sence, une conscience, une douceur et une justesse sans \u00e9gale.&nbsp;\n&nbsp;\n&nbsp;\n<strong>\u2013 Les <a href=\"https:\/\/laurielardinois.com\/les-constellations-familiales-systemiques\/\" target=\"_blank\" rel=\"noreferrer noopener\">Constellations familiales et syst\u00e9miques&nbsp;<\/a><\/strong>\n (form\u00e9e par Jacqueline Goossens \u2013 3 ans.&nbsp; Je suis constellatrice \ncertifi\u00e9e et approuv\u00e9e par la Cofasy.)&nbsp; Formidable outil pour donner de \nla clart\u00e9 \u00e0 toutes les dynamiques relationnelles, nos relations \nfamiliales, ancestrales, mais aussi la relation entre les diff\u00e9rentes \nparts de nous-m\u00eame.\n\n<\/p>\n\n\n\n<p><strong>\u2013 L\u2019<a href=\"https:\/\/laurielardinois.com\/aquatic-healing\/\" target=\"_blank\" rel=\"noreferrer noopener\">Aquatic Healing<\/a><\/strong>\n : les soins \u00e9nerg\u00e9tiques en eau chaude (34-35\u00b0). D\u00e9velopp\u00e9 et enseign\u00e9 \npar Jan Janssen, cette formation post gradu\u00e9e de 3 ans, permet d\u2019aller \ntoucher d\u2019autres dimensions que la travail sur table. Le corps, le \nmouvement, les dimensions pr\u00e9-natale et cosmique, pour en citer \nquelques-unes\u2026<\/p>\n\n\n\n<p>Contact : <br><\/p>\n\n\n\n<p><a href=\"mailto:laurielullaby@gmail.com\" rel=\"noreferrer noopener\" target=\"_blank\">laurielullaby@gmail.com<\/a><\/p>\n\n\n\n<p>0497.08.08.40<\/p>\n\n\n\n<p><a href=\"https:\/\/www.laurielardinois.com\" rel=\"noreferrer noopener\" target=\"_blank\">www.laurielardinois.com<\/a><\/p>\n","protected":false},"excerpt":{"rendered":"<p>&#8211; Soins \u00e9nerg\u00e9tiques \u00a0\u00bb \u00c9nergies Subtiles \u00a0\u00bb &#8211; Constellations familiales &amp; syst\u00e9miques &#8211; Accompagnement verbal et \u00e9motionnel par la Pr\u00e9sence Je suis th\u00e9rapeute et artiste. Mon aspiration profonde est de pouvoir offrir au monde la gu\u00e9rison, l\u2019amour, la sagesse et la paix.&nbsp; Cela prend forme aussi bien \u00e0 travers mon art que ma pratique d\u2019accompagnement.Suite [&hellip;]<\/p>\n","protected":false},"author":1,"featured_media":0,"parent":0,"menu_order":0,"comment_status":"closed","ping_status":"closed","template":"","meta":{"footnotes":""},"categories":[],"tags":[],"class_list":["post-2557","page","type-page","status-publish","hentry"],"_links":{"self":[{"href":"https:\/\/www.auborddeleau.brussels\/index.php\/wp-json\/wp\/v2\/pages\/2557","targetHints":{"allow":["GET"]}}],"collection":[{"href":"https:\/\/www.auborddeleau.brussels\/index.php\/wp-json\/wp\/v2\/pages"}],"about":[{"href":"https:\/\/www.auborddeleau.brussels\/index.php\/wp-json\/wp\/v2\/types\/page"}],"author":[{"embeddable":true,"href":"https:\/\/www.auborddeleau.brussels\/index.php\/wp-json\/wp\/v2\/users\/1"}],"replies":[{"embeddable":true,"href":"https:\/\/www.auborddeleau.brussels\/index.php\/wp-json\/wp\/v2\/comments?post=2557"}],"version-history":[{"count":1,"href":"https:\/\/www.auborddeleau.brussels\/index.php\/wp-json\/wp\/v2\/pages\/2557\/revisions"}],"predecessor-version":[{"id":2561,"href":"https:\/\/www.auborddeleau.brussels\/index.php\/wp-json\/wp\/v2\/pages\/2557\/revisions\/2561"}],"wp:attachment":[{"href":"https:\/\/www.auborddeleau.brussels\/index.php\/wp-json\/wp\/v2\/media?parent=2557"}],"wp:term":[{"taxonomy":"category","embeddable":true,"href":"https:\/\/www.auborddeleau.brussels\/index.php\/wp-json\/wp\/v2\/categories?post=2557"},{"taxonomy":"post_tag","embeddable":true,"href":"https:\/\/www.auborddeleau.brussels\/index.php\/wp-json\/wp\/v2\/tags?post=2557"}],"curies":[{"name":"wp","href":"https:\/\/api.w.org\/{rel}","templated":true}]}}