{"id":2729,"date":"2022-09-02T11:46:02","date_gmt":"2022-09-02T10:46:02","guid":{"rendered":"http:\/\/www.auborddeleau.brussels\/?page_id=2729"},"modified":"2025-12-05T11:11:57","modified_gmt":"2025-12-05T10:11:57","slug":"idoflow-relaxation-aquatique","status":"publish","type":"page","link":"https:\/\/www.auborddeleau.brussels\/index.php\/idoflow-relaxation-aquatique\/","title":{"rendered":"Relaxation aquatique . Re-source"},"content":{"rendered":"\n<figure class=\"wp-block-image size-large\"><img loading=\"lazy\" decoding=\"async\" width=\"1024\" height=\"576\" src=\"https:\/\/www.auborddeleau.brussels\/wp-content\/uploads\/2022\/09\/IDOFLOW-vitalite-LR-1024x576-1.jpg\" alt=\"\" class=\"wp-image-2731\" srcset=\"https:\/\/www.auborddeleau.brussels\/wp-content\/uploads\/2022\/09\/IDOFLOW-vitalite-LR-1024x576-1.jpg 1024w, https:\/\/www.auborddeleau.brussels\/wp-content\/uploads\/2022\/09\/IDOFLOW-vitalite-LR-1024x576-1-300x169.jpg 300w, https:\/\/www.auborddeleau.brussels\/wp-content\/uploads\/2022\/09\/IDOFLOW-vitalite-LR-1024x576-1-768x432.jpg 768w, https:\/\/www.auborddeleau.brussels\/wp-content\/uploads\/2022\/09\/IDOFLOW-vitalite-LR-1024x576-1-624x351.jpg 624w\" sizes=\"auto, (max-width: 1024px) 100vw, 1024px\" \/><\/figure>\n\n\n\n<p>Dans un bassin privatis\u00e9 pour les membres de Re-source, des th\u00e9rapeutes vous proposent un moment de d\u00e9tente profonde.<\/p>\n\n\n\n<p>Vous profitez des bienfaits d\u2019une eau \nchauff\u00e9e \u00e0 35\u00b0 et de la joie d\u2019\u00eatre pleinement pr\u00e9sent dans ce moment de\n d\u00e9tente. Lib\u00e9r\u00e9 des contraintes de la gravit\u00e9, votre corps se laisse \naller, d\u00e9nou\u00e9 de toute tension.<\/p>\n\n\n\n<p>Cet atelier de relaxation aquatique \noffre des temps de m\u00e9ditation, de flottaison, d\u2019immersion aquatique, de \nyoga, \u2026 Un moment de (re)d\u00e9couverte de soi et de l\u2019autre, en apesanteur \npendant 60 minutes.<\/p>\n\n\n\n<p>L\u2019\u00e9quipe d\u2019Annick Debaize, \nKin\u00e9sith\u00e9rapeute \u00e0 Delta, rassemble des praticiens aquatiques \nprofessionnels certifi\u00e9s et engag\u00e9s dans l\u2019accompagnement th\u00e9rapeutique.<\/p>\n\n\n\n<hr class=\"wp-block-separator has-css-opacity\"\/>\n\n\n\n<p>Samedi 24 septembre de 14h \u00e0 16h<br>\nLundi 10 octobre de 13h30 \u00e0 15h30<br>\n(1 heure dans l\u2019eau pour un groupe de 8 personnes)<br>\nBassin \u00ab&nbsp;Au bord de l\u2019Eau&nbsp;\u00bb, ch\u00e9e d\u2019Alsemberg 620 \u00e0 Uccle<\/p>\n\n\n\n<p>En cas de radioth\u00e9rapie&nbsp;: laisser passer minimum 2 semaines apr\u00e8s la fin des rayons.<br>\nEn cas de cicatrices (portacath ou autre intervention)&nbsp;: s\u2019assurer \nqu\u2019elles soient bien ferm\u00e9es (id\u00e9alement attendre 4 semaines) et pas de \nsigne d\u2019infection.<br>\nL\u2019eau est \u00e0 35\u00b0 et l\u00e9g\u00e8rement chlor\u00e9e.<\/p>\n\n\n\n<p>Informations&nbsp;: <a href=\"http:\/\/idoflow.be\/vitalite\">http:\/\/idoflow.be\/vitalite<\/a><br>\nInscriptions \u00e0 <a href=\"mailto:info@re-source-delta.be\">info@re-source-delta.be<\/a><\/p>\n","protected":false},"excerpt":{"rendered":"<p>Dans un bassin privatis\u00e9 pour les membres de Re-source, des th\u00e9rapeutes vous proposent un moment de d\u00e9tente profonde. Vous profitez des bienfaits d\u2019une eau chauff\u00e9e \u00e0 35\u00b0 et de la joie d\u2019\u00eatre pleinement pr\u00e9sent dans ce moment de d\u00e9tente. Lib\u00e9r\u00e9 des contraintes de la gravit\u00e9, votre corps se laisse aller, d\u00e9nou\u00e9 de toute tension. Cet [&hellip;]<\/p>\n","protected":false},"author":1,"featured_media":0,"parent":0,"menu_order":0,"comment_status":"closed","ping_status":"closed","template":"page-templates\/full-width.php","meta":{"footnotes":""},"categories":[],"tags":[],"class_list":["post-2729","page","type-page","status-publish","hentry"],"_links":{"self":[{"href":"https:\/\/www.auborddeleau.brussels\/index.php\/wp-json\/wp\/v2\/pages\/2729","targetHints":{"allow":["GET"]}}],"collection":[{"href":"https:\/\/www.auborddeleau.brussels\/index.php\/wp-json\/wp\/v2\/pages"}],"about":[{"href":"https:\/\/www.auborddeleau.brussels\/index.php\/wp-json\/wp\/v2\/types\/page"}],"author":[{"embeddable":true,"href":"https:\/\/www.auborddeleau.brussels\/index.php\/wp-json\/wp\/v2\/users\/1"}],"replies":[{"embeddable":true,"href":"https:\/\/www.auborddeleau.brussels\/index.php\/wp-json\/wp\/v2\/comments?post=2729"}],"version-history":[{"count":2,"href":"https:\/\/www.auborddeleau.brussels\/index.php\/wp-json\/wp\/v2\/pages\/2729\/revisions"}],"predecessor-version":[{"id":4363,"href":"https:\/\/www.auborddeleau.brussels\/index.php\/wp-json\/wp\/v2\/pages\/2729\/revisions\/4363"}],"wp:attachment":[{"href":"https:\/\/www.auborddeleau.brussels\/index.php\/wp-json\/wp\/v2\/media?parent=2729"}],"wp:term":[{"taxonomy":"category","embeddable":true,"href":"https:\/\/www.auborddeleau.brussels\/index.php\/wp-json\/wp\/v2\/categories?post=2729"},{"taxonomy":"post_tag","embeddable":true,"href":"https:\/\/www.auborddeleau.brussels\/index.php\/wp-json\/wp\/v2\/tags?post=2729"}],"curies":[{"name":"wp","href":"https:\/\/api.w.org\/{rel}","templated":true}]}}