{"id":2937,"date":"2023-01-01T16:17:58","date_gmt":"2023-01-01T15:17:58","guid":{"rendered":"http:\/\/www.auborddeleau.brussels\/?page_id=2937"},"modified":"2025-09-30T19:27:27","modified_gmt":"2025-09-30T18:27:27","slug":"annick-van-esshe","status":"publish","type":"page","link":"https:\/\/www.auborddeleau.brussels\/index.php\/annick-van-esshe\/","title":{"rendered":"Annick Van Essche"},"content":{"rendered":"\n<figure class=\"wp-block-image size-large\"><img loading=\"lazy\" decoding=\"async\" width=\"212\" height=\"205\" src=\"https:\/\/www.auborddeleau.brussels\/wp-content\/uploads\/2023\/01\/Annick.jpeg\" alt=\"\" class=\"wp-image-2941\"\/><\/figure>\n\n\n\n<p>Passionn\u00e9e par la gr\u00e2ce du geste en musique, Annick danse depuis la plus tendre  enfance.<br> En grandissant, c\u2019est au travers du Bien \u00eatre et des Arts sc\u00e9niques qu\u2019elle se forme  et ne cessera jamais de se former.<br> L\u2019eau chaude est depuis de nombreuses ann\u00e9es un lieu privil\u00e9gi\u00e9 de ressourcement  pour elle.<br> \u00ab\u00a0AVE massage-aqua\u00a0\u00bb est l\u2019aboutissement de ce beau parcours. Repr\u00e9sent\u00e9 par les  initiales de son nom Annick Van Essche, l\u2019autre sens de \u00ab\u00a0AVE\u00a0\u00bb \u00e9tant le \u00ab\u00a0SALUT\u00a0\u00bb\u00a0 suivi de \u00ab\u00a0massage-aqua\u00a0\u00bb, il est la r\u00e9alisation de cette ouverture au mouvement  vers l\u2019autre\u2026 soit de la Salutation au massage\u2026dans l\u2019eau.<br> Le soin propos\u00e9 dans l\u2019eau est un moment de reconnexion \u00e0 soi-m\u00eame \u00e0 s\u2019offrir dans  un cadre s\u00e9curis\u00e9 en flottaison dans l\u2019eau \u00e0 34 \u00b0C. Inspir\u00e9 du Watsu, de l\u2019ost\u00e9opathie  aquatique et de l\u2019Aquasoma, la s\u00e9ance s\u2019articule autour de moments tr\u00e8s calmes en  flottaison et de moments plus stimulants par des points de pression issus du  massage shiatsu. L\u2019eau et ses mouvements donne un sensation particuli\u00e8re quand  elle glisse le long du corps. Il s\u2019agit d\u2019une danse \u00e0 trois, l\u2019eau le donneur et le  receveur.<br> Bienvenue au voyage tout en douceur.<\/p>\n\n\n\n<p><a rel=\"noreferrer noopener\" target=\"_blank\" href=\"mailto:annickvanessche@gmail.com\">annickvanessche@gmail.com<\/a><\/p>\n\n\n\n<p>0495 16 74 81<\/p>\n","protected":false},"excerpt":{"rendered":"<p>Passionn\u00e9e par la gr\u00e2ce du geste en musique, Annick danse depuis la plus tendre enfance. En grandissant, c\u2019est au travers du Bien \u00eatre et des Arts sc\u00e9niques qu\u2019elle se forme et ne cessera jamais de se former. L\u2019eau chaude est depuis de nombreuses ann\u00e9es un lieu privil\u00e9gi\u00e9 de ressourcement pour elle. \u00ab\u00a0AVE massage-aqua\u00a0\u00bb est l\u2019aboutissement [&hellip;]<\/p>\n","protected":false},"author":1,"featured_media":0,"parent":0,"menu_order":0,"comment_status":"closed","ping_status":"closed","template":"page-templates\/full-width.php","meta":{"footnotes":""},"categories":[],"tags":[],"class_list":["post-2937","page","type-page","status-publish","hentry"],"_links":{"self":[{"href":"https:\/\/www.auborddeleau.brussels\/index.php\/wp-json\/wp\/v2\/pages\/2937","targetHints":{"allow":["GET"]}}],"collection":[{"href":"https:\/\/www.auborddeleau.brussels\/index.php\/wp-json\/wp\/v2\/pages"}],"about":[{"href":"https:\/\/www.auborddeleau.brussels\/index.php\/wp-json\/wp\/v2\/types\/page"}],"author":[{"embeddable":true,"href":"https:\/\/www.auborddeleau.brussels\/index.php\/wp-json\/wp\/v2\/users\/1"}],"replies":[{"embeddable":true,"href":"https:\/\/www.auborddeleau.brussels\/index.php\/wp-json\/wp\/v2\/comments?post=2937"}],"version-history":[{"count":4,"href":"https:\/\/www.auborddeleau.brussels\/index.php\/wp-json\/wp\/v2\/pages\/2937\/revisions"}],"predecessor-version":[{"id":4271,"href":"https:\/\/www.auborddeleau.brussels\/index.php\/wp-json\/wp\/v2\/pages\/2937\/revisions\/4271"}],"wp:attachment":[{"href":"https:\/\/www.auborddeleau.brussels\/index.php\/wp-json\/wp\/v2\/media?parent=2937"}],"wp:term":[{"taxonomy":"category","embeddable":true,"href":"https:\/\/www.auborddeleau.brussels\/index.php\/wp-json\/wp\/v2\/categories?post=2937"},{"taxonomy":"post_tag","embeddable":true,"href":"https:\/\/www.auborddeleau.brussels\/index.php\/wp-json\/wp\/v2\/tags?post=2937"}],"curies":[{"name":"wp","href":"https:\/\/api.w.org\/{rel}","templated":true}]}}