{"id":3113,"date":"2023-09-11T10:29:48","date_gmt":"2023-09-11T09:29:48","guid":{"rendered":"https:\/\/www.auborddeleau.brussels\/?page_id=3113"},"modified":"2025-10-26T07:07:02","modified_gmt":"2025-10-26T06:07:02","slug":"charlotte-duyzings-2","status":"publish","type":"page","link":"https:\/\/www.auborddeleau.brussels\/index.php\/charlotte-duyzings-2\/","title":{"rendered":"Charlotte Duyzings"},"content":{"rendered":"\n<figure class=\"wp-block-image size-large is-resized\"><a href=\"https:\/\/www.auborddeleau.brussels\/wp-content\/uploads\/2024\/05\/Charlotte-D.jpeg\"><img loading=\"lazy\" decoding=\"async\" src=\"https:\/\/www.auborddeleau.brussels\/wp-content\/uploads\/2024\/05\/Charlotte-D-1024x768.jpeg\" alt=\"\" class=\"wp-image-3623\" width=\"332\" height=\"249\" srcset=\"https:\/\/www.auborddeleau.brussels\/wp-content\/uploads\/2024\/05\/Charlotte-D-1024x768.jpeg 1024w, https:\/\/www.auborddeleau.brussels\/wp-content\/uploads\/2024\/05\/Charlotte-D-300x225.jpeg 300w, https:\/\/www.auborddeleau.brussels\/wp-content\/uploads\/2024\/05\/Charlotte-D-768x576.jpeg 768w, https:\/\/www.auborddeleau.brussels\/wp-content\/uploads\/2024\/05\/Charlotte-D-1536x1152.jpeg 1536w, https:\/\/www.auborddeleau.brussels\/wp-content\/uploads\/2024\/05\/Charlotte-D-624x468.jpeg 624w, https:\/\/www.auborddeleau.brussels\/wp-content\/uploads\/2024\/05\/Charlotte-D.jpeg 1600w\" sizes=\"auto, (max-width: 332px) 100vw, 332px\" \/><\/a><\/figure>\n\n\n\n<p>De nature dynamique, je cultive l\u2019harmonie entre l\u2019\u00e9nergie \u00ab yin \u00bb (f\u00e9minine, douce, calme, harmonisante, profonde) et l\u2019\u00e9nergie \u00ab yang \u00bb (masculine, dynamique, chaude, l\u2019activit\u00e9) et ce gr\u00e2ce au partage de mes diff\u00e9rentes pratiques corporelles. Eau (Watsu), Terre (Yoga, Massage) et Air (respiration et son).<\/p>\n\n\n\n<p>Lors d\u2019une s\u00e9ance Watsu, le corps est en flottaison, il oscille dans l\u2019eau chaude sur le rythme de la respiration et est soutenu par ma pr\u00e9sence et mon toucher.<\/p>\n\n\n\n<p>Les yeux ferm\u00e9s, les oreilles immerg\u00e9es dans l\u2019eau, le mental se lib\u00e8re et les notions de temps et d\u2019espace changent.<\/p>\n\n\n\n<p>Ce soin aide \u00e0 susciter un sentiment de profond bien-\u00eatre et \u00e0 vous renvoyer dans l\u2019instant pr\u00e9sent, \u00e0 l\u2019\u00e9coute de vos sensations. &nbsp;<\/p>\n\n\n\n<p>J\u2019ai \u00e0 c\u0153ur par ma pratique de vous accompagner pour tendre vers une harmonisation du mental, du corps et de l&rsquo;esprit.&nbsp;<\/p>\n\n\n\n<p>Infos et r\u00e9servations<\/p>\n\n\n\n<p>0472 935 110<\/p>\n\n\n\n<p><a rel=\"noreferrer noopener\" href=\"mailto:ukiyo.by.cha@gmail.com\" target=\"_blank\">ukiyo.by.cha@gmail.com<\/a><\/p>\n\n\n\n<p>Professeure de Yoga (Yin, Hatha &#8211; Vinyasa, Pr\u00e9natal, Maman b\u00e9b\u00e9 et Yoga enfants) \u2013 Praticienne de Watsu &#8211; Sonoth\u00e9rapeute \u2013 Massoth\u00e9rapeute<\/p>\n","protected":false},"excerpt":{"rendered":"<p>De nature dynamique, je cultive l\u2019harmonie entre l\u2019\u00e9nergie \u00ab yin \u00bb (f\u00e9minine, douce, calme, harmonisante, profonde) et l\u2019\u00e9nergie \u00ab yang \u00bb (masculine, dynamique, chaude, l\u2019activit\u00e9) et ce gr\u00e2ce au partage de mes diff\u00e9rentes pratiques corporelles. Eau (Watsu), Terre (Yoga, Massage) et Air (respiration et son). Lors d\u2019une s\u00e9ance Watsu, le corps est en flottaison, il [&hellip;]<\/p>\n","protected":false},"author":1,"featured_media":0,"parent":0,"menu_order":0,"comment_status":"closed","ping_status":"closed","template":"","meta":{"footnotes":""},"categories":[],"tags":[],"class_list":["post-3113","page","type-page","status-publish","hentry"],"_links":{"self":[{"href":"https:\/\/www.auborddeleau.brussels\/index.php\/wp-json\/wp\/v2\/pages\/3113","targetHints":{"allow":["GET"]}}],"collection":[{"href":"https:\/\/www.auborddeleau.brussels\/index.php\/wp-json\/wp\/v2\/pages"}],"about":[{"href":"https:\/\/www.auborddeleau.brussels\/index.php\/wp-json\/wp\/v2\/types\/page"}],"author":[{"embeddable":true,"href":"https:\/\/www.auborddeleau.brussels\/index.php\/wp-json\/wp\/v2\/users\/1"}],"replies":[{"embeddable":true,"href":"https:\/\/www.auborddeleau.brussels\/index.php\/wp-json\/wp\/v2\/comments?post=3113"}],"version-history":[{"count":3,"href":"https:\/\/www.auborddeleau.brussels\/index.php\/wp-json\/wp\/v2\/pages\/3113\/revisions"}],"predecessor-version":[{"id":4275,"href":"https:\/\/www.auborddeleau.brussels\/index.php\/wp-json\/wp\/v2\/pages\/3113\/revisions\/4275"}],"wp:attachment":[{"href":"https:\/\/www.auborddeleau.brussels\/index.php\/wp-json\/wp\/v2\/media?parent=3113"}],"wp:term":[{"taxonomy":"category","embeddable":true,"href":"https:\/\/www.auborddeleau.brussels\/index.php\/wp-json\/wp\/v2\/categories?post=3113"},{"taxonomy":"post_tag","embeddable":true,"href":"https:\/\/www.auborddeleau.brussels\/index.php\/wp-json\/wp\/v2\/tags?post=3113"}],"curies":[{"name":"wp","href":"https:\/\/api.w.org\/{rel}","templated":true}]}}