{"id":3383,"date":"2024-02-01T19:11:42","date_gmt":"2024-02-01T18:11:42","guid":{"rendered":"https:\/\/www.auborddeleau.brussels\/?page_id=3383"},"modified":"2024-02-04T15:44:42","modified_gmt":"2024-02-04T14:44:42","slug":"methode-respiratoire-buteyko-philippe-maxwell","status":"publish","type":"page","link":"https:\/\/www.auborddeleau.brussels\/index.php\/methode-respiratoire-buteyko-philippe-maxwell\/","title":{"rendered":"M\u00e9thode respiratoire Buteyko &#8211; Philippe Maxwell"},"content":{"rendered":"\n<figure class=\"wp-block-image size-full is-resized\"><a href=\"https:\/\/www.auborddeleau.brussels\/wp-content\/uploads\/2024\/02\/image.png\"><img loading=\"lazy\" decoding=\"async\" src=\"https:\/\/www.auborddeleau.brussels\/wp-content\/uploads\/2024\/02\/image.png\" alt=\"\" class=\"wp-image-3385\" width=\"348\" height=\"346\" srcset=\"https:\/\/www.auborddeleau.brussels\/wp-content\/uploads\/2024\/02\/image.png 617w, https:\/\/www.auborddeleau.brussels\/wp-content\/uploads\/2024\/02\/image-150x150.png 150w\" sizes=\"auto, (max-width: 348px) 100vw, 348px\" \/><\/a><\/figure>\n\n\n\n<p>M\u00e9thode du Docteur Buteyko<br><br>Indiqu\u00e9e pour tous les troubles et souffrances pour lesquels un travail respiratoire s\u2019av\u00e8re utile tels que:<\/p>\n\n\n\n<p>Stress, Burn-Out, anxi\u00e9t\u00e9, attaques de panique, <br>troubles et instabilit\u00e9 \u00e9motionnels, <br>difficult\u00e9s relationnelles et sexuelles, <br>troubles de l\u2019attention et de la concentration,<br>troubles du sommeil,<br>troubles dits psychosomatiques (asthme, migraines, maux de t\u00eate, &#8230;),<br>tous les troubles li\u00e9s \u00e0 un exc\u00e8s respiratoire, \u00e0 une hyperventilation chronique.<br><br>Le \u00ab\u00a0travail\u00a0\u00bb respiratoire est un outil tr\u00e8s puissant permettant de modifier l&rsquo;existence en profondeur.<br><br>A noter que la m\u00e9thode Buteyko n&rsquo;est pas une th\u00e9rapie \u00e9motionnelle, visant \u00e0 l&rsquo;expression d&rsquo;\u00e9motions refoul\u00e9es, comme d&rsquo;autres techniques respiratoires.<\/p>\n\n\n\n<p>Vous avez des questions ou voulez conna\u00eetre&nbsp;cette fabuleuse m\u00e9thode, <\/p>\n\n\n\n<p>N&rsquo;h\u00e9sitez pas \u00e0 m&rsquo;appeler au +32 467 14 20 00<\/p>\n","protected":false},"excerpt":{"rendered":"<p>M\u00e9thode du Docteur Buteyko Indiqu\u00e9e pour tous les troubles et souffrances pour lesquels un travail respiratoire s\u2019av\u00e8re utile tels que: Stress, Burn-Out, anxi\u00e9t\u00e9, attaques de panique, troubles et instabilit\u00e9 \u00e9motionnels, difficult\u00e9s relationnelles et sexuelles, troubles de l\u2019attention et de la concentration,troubles du sommeil,troubles dits psychosomatiques (asthme, migraines, maux de t\u00eate, &#8230;),tous les troubles li\u00e9s \u00e0 [&hellip;]<\/p>\n","protected":false},"author":1,"featured_media":0,"parent":0,"menu_order":0,"comment_status":"closed","ping_status":"closed","template":"","meta":{"footnotes":""},"categories":[],"tags":[],"class_list":["post-3383","page","type-page","status-publish","hentry"],"_links":{"self":[{"href":"https:\/\/www.auborddeleau.brussels\/index.php\/wp-json\/wp\/v2\/pages\/3383","targetHints":{"allow":["GET"]}}],"collection":[{"href":"https:\/\/www.auborddeleau.brussels\/index.php\/wp-json\/wp\/v2\/pages"}],"about":[{"href":"https:\/\/www.auborddeleau.brussels\/index.php\/wp-json\/wp\/v2\/types\/page"}],"author":[{"embeddable":true,"href":"https:\/\/www.auborddeleau.brussels\/index.php\/wp-json\/wp\/v2\/users\/1"}],"replies":[{"embeddable":true,"href":"https:\/\/www.auborddeleau.brussels\/index.php\/wp-json\/wp\/v2\/comments?post=3383"}],"version-history":[{"count":2,"href":"https:\/\/www.auborddeleau.brussels\/index.php\/wp-json\/wp\/v2\/pages\/3383\/revisions"}],"predecessor-version":[{"id":3395,"href":"https:\/\/www.auborddeleau.brussels\/index.php\/wp-json\/wp\/v2\/pages\/3383\/revisions\/3395"}],"wp:attachment":[{"href":"https:\/\/www.auborddeleau.brussels\/index.php\/wp-json\/wp\/v2\/media?parent=3383"}],"wp:term":[{"taxonomy":"category","embeddable":true,"href":"https:\/\/www.auborddeleau.brussels\/index.php\/wp-json\/wp\/v2\/categories?post=3383"},{"taxonomy":"post_tag","embeddable":true,"href":"https:\/\/www.auborddeleau.brussels\/index.php\/wp-json\/wp\/v2\/tags?post=3383"}],"curies":[{"name":"wp","href":"https:\/\/api.w.org\/{rel}","templated":true}]}}