{"id":381,"date":"2017-07-30T15:38:53","date_gmt":"2017-07-30T14:38:53","guid":{"rendered":"http:\/\/www.auborddeleau.brussels\/?page_id=381"},"modified":"2022-03-11T11:54:04","modified_gmt":"2022-03-11T10:54:04","slug":"chi-nei-tsang","status":"publish","type":"page","link":"https:\/\/www.auborddeleau.brussels\/index.php\/chi-nei-tsang\/","title":{"rendered":"CHI NEI TSANG &#8211; Dominique Dosogne"},"content":{"rendered":"\n<figure class=\"wp-block-image size-large is-resized\"><img loading=\"lazy\" decoding=\"async\" src=\"https:\/\/www.auborddeleau.brussels\/wp-content\/uploads\/2022\/02\/CNT-4.jpg\" alt=\"\" class=\"wp-image-2415\" width=\"313\" height=\"208\" srcset=\"https:\/\/www.auborddeleau.brussels\/wp-content\/uploads\/2022\/02\/CNT-4.jpg 1017w, https:\/\/www.auborddeleau.brussels\/wp-content\/uploads\/2022\/02\/CNT-4-300x200.jpg 300w, https:\/\/www.auborddeleau.brussels\/wp-content\/uploads\/2022\/02\/CNT-4-768x512.jpg 768w, https:\/\/www.auborddeleau.brussels\/wp-content\/uploads\/2022\/02\/CNT-4-624x416.jpg 624w\" sizes=\"auto, (max-width: 313px) 100vw, 313px\" \/><\/figure>\n\n\n<p><em>Il n&rsquo;y a qu&rsquo;une maladie dans le monde, c&rsquo;est l&rsquo;ignorance. Si tu sais et si tu sens comment ton corps travaille et r\u00e9agit, tu peux tout changer<\/em>. Andr\u00e9 Nocquet<\/p>\n<p>Le Chi nei tsang, originaire de la Chine Taoiste, est une approche holistique du massage, int\u00e9grant les aspects physiques, mentaux, \u00e9motionnels et spirituels, allant \u00e0 la source des probl\u00e8mes de sant\u00e9.<\/p>\n<p>Le corps est parfait. Si la maladie survient <em>c&rsquo;est pour une bonne raison et les raisons sont bonnes. <\/em>Gilles Marin<\/p>\n<p>Nous gu\u00e9rissons de l&rsquo;int\u00e9rieur, chacun est responsable de sa propre sant\u00e9. Cette approche douce et respectueuse permet au patient de rester ma\u00eetre de sa gu\u00e9rison.<\/p>\n<p>Les moines utilisaient cette th\u00e9rapie pour se d\u00e9toxifier, fortifier leur corps et maintenir le plus haut niveau \u00e9nerg\u00e9tique n\u00e9cessaire \u00e0 la pratique de longues m\u00e9ditations.<\/p>\n<p>Le massage favorise un \u00e9tat plus confiant, plus sage, plus tranquille, nous d\u00e9stresse en profondeur et nous r\u00e9concilie avec nous m\u00eame.<\/p>\n<p>Pratiquement, il s&rsquo;agit d&rsquo;habituer nos organes \u00e0 travailler de mani\u00e8re plus efficace en les d\u00e9tendant et en les stimulant. Le ventre dig\u00e8re les \u00e9motions par le m\u00eame chemin que la nourriture. Notre corps porte des sch\u00e9mas de tension qui refl\u00e8tent nos charges \u00e9motionnelle.<\/p>\n<p>Le Chi nei tsang renforce le syst\u00e8me immunitaire, stimule le syst\u00e8me lymphatique, d\u00e9toxifie, lib\u00e8re les tensions, restitue notre capacit\u00e9 de digestion.<\/p>\n<p>Retrouvons notre ventre d&rsquo;enfant, rond, sans tension, heureux.<\/p>\n<p><strong>Le Chi Nei Tsang et ses nombreux bienfaits<\/strong><\/p>\n<ul>\n<li>d\u00e9tend profond\u00e9ment le ventre<\/li>\n<li>soulage ses maux et inconforts<\/li>\n<li>favorise le bon fonctionnement des organes vitaux<\/li>\n<li>am\u00e9liore la digestion<\/li>\n<li>rem\u00e9die \u00e0 la constipation<\/li>\n<li>att\u00e9nue les lombalgies<\/li>\n<li>r\u00e9duit le stress et les \u00e9motions n\u00e9gatives<\/li>\n<li>amplifie la respiration consciente<\/li>\n<li>apaise l&rsquo;esprit<\/li>\n<li>augmente l&rsquo;\u00e9nergie, la vitalit\u00e9 et l&rsquo;immunit\u00e9<\/li>\n<\/ul>\n<p>Dominique 0473 70 90 97<\/p>\n<p>Tarif : 60\u20ac le massage de 1h00. Pr\u00e9voir 1h15<\/p>\n<p>Tenue souple permettant de d\u00e9gager le ventre<\/p>\n<p><strong>Qui suis-je?<\/strong><\/p>\n<p>En parall\u00e8le \u00e0 mon m\u00e9tier d&rsquo;architecte et urbaniste, depuis une dizaine d\u2019ann\u00e9es, j&rsquo;aborde la communication non verbale par le toucher, premier sens \u00e9veill\u00e9, par le massage californien, puis des massages tha\u00ef et ayurv\u00e9dique avant d\u2019\u00eatre totalement s\u00e9duite par le Watsu\u00ae.<\/p>\n<p>Je me forme \u00e9galement et pratique le Chi nei tsang qui vise \u00e0 r\u00e9tablir la sant\u00e9 en massant les organes internes et le Wuo Tai, m\u00ealant des gestes th\u00e9rapeutiques par l\u2019alliance de l\u2019ost\u00e9o et de la danse.<\/p>\n<p>Avec ses pratiques, je prends conscience de la puissance du toucher, \u00e0 la recherche de l\u2019\u00e9coute de l\u2019autre pour accro\u00eetre la pr\u00e9sence \u00e0 moi-m\u00eame et \u00e0 l\u2019autre, la qualit\u00e9 d\u2019\u00eatre, dans le respect de chacun.<\/p>\n<p>Les mains disent tellement de chose.<\/p>\n<p>Pendant 4 ans, j&rsquo;ai offert des massages, en tant que b\u00e9n\u00e9vole pour la Fondation contre le Cancer, aux patients de la clinique de jour Edith Cavell. Donner, accompagner l\u2019autre a \u00e9t\u00e9 extr\u00eamement enrichissant pour moi m\u00eame, d\u2019\u00eatre \u00e0 l\u2019\u00e9coute, d\u2019accompagner tout simplement.<\/p>\n<p>Accept\u00e9e \u00e0 l\u2019\u00e9cole de la posture juste de Thierry Janssen depuis septembre 2020, je perfectionne mon \u00e9coute de l\u2019autre et en apprend tellement sur moi.<\/p>","protected":false},"excerpt":{"rendered":"<p>Il n&rsquo;y a qu&rsquo;une maladie dans le monde, c&rsquo;est l&rsquo;ignorance. Si tu sais et si tu sens comment ton corps travaille et r\u00e9agit, tu peux tout changer. Andr\u00e9 Nocquet Le Chi nei tsang, originaire de la Chine Taoiste, est une approche holistique du massage, int\u00e9grant les aspects physiques, mentaux, \u00e9motionnels et spirituels, allant \u00e0 la [&hellip;]<\/p>\n","protected":false},"author":1,"featured_media":0,"parent":0,"menu_order":0,"comment_status":"closed","ping_status":"closed","template":"page-templates\/full-width.php","meta":{"footnotes":""},"categories":[],"tags":[],"class_list":["post-381","page","type-page","status-publish","hentry"],"_links":{"self":[{"href":"https:\/\/www.auborddeleau.brussels\/index.php\/wp-json\/wp\/v2\/pages\/381","targetHints":{"allow":["GET"]}}],"collection":[{"href":"https:\/\/www.auborddeleau.brussels\/index.php\/wp-json\/wp\/v2\/pages"}],"about":[{"href":"https:\/\/www.auborddeleau.brussels\/index.php\/wp-json\/wp\/v2\/types\/page"}],"author":[{"embeddable":true,"href":"https:\/\/www.auborddeleau.brussels\/index.php\/wp-json\/wp\/v2\/users\/1"}],"replies":[{"embeddable":true,"href":"https:\/\/www.auborddeleau.brussels\/index.php\/wp-json\/wp\/v2\/comments?post=381"}],"version-history":[{"count":14,"href":"https:\/\/www.auborddeleau.brussels\/index.php\/wp-json\/wp\/v2\/pages\/381\/revisions"}],"predecessor-version":[{"id":2567,"href":"https:\/\/www.auborddeleau.brussels\/index.php\/wp-json\/wp\/v2\/pages\/381\/revisions\/2567"}],"wp:attachment":[{"href":"https:\/\/www.auborddeleau.brussels\/index.php\/wp-json\/wp\/v2\/media?parent=381"}],"wp:term":[{"taxonomy":"category","embeddable":true,"href":"https:\/\/www.auborddeleau.brussels\/index.php\/wp-json\/wp\/v2\/categories?post=381"},{"taxonomy":"post_tag","embeddable":true,"href":"https:\/\/www.auborddeleau.brussels\/index.php\/wp-json\/wp\/v2\/tags?post=381"}],"curies":[{"name":"wp","href":"https:\/\/api.w.org\/{rel}","templated":true}]}}