{"id":3825,"date":"2024-07-12T11:15:09","date_gmt":"2024-07-12T10:15:09","guid":{"rendered":"https:\/\/www.auborddeleau.brussels\/?page_id=3825"},"modified":"2025-12-05T11:13:58","modified_gmt":"2025-12-05T10:13:58","slug":"tarifs-activites-collectives-aquatiques","status":"publish","type":"page","link":"https:\/\/www.auborddeleau.brussels\/index.php\/tarifs-activites-collectives-aquatiques\/","title":{"rendered":"TARIFS activit\u00e9s collectives aquatiques"},"content":{"rendered":"\n<p><strong>Apn\u00e9e m\u00e9ditative<\/strong><\/p>\n\n\n\n<p>s\u00e9ance 1h45 = 45\u20ac<\/p>\n\n\n\n<p><strong>Atelier de massage aquatique<\/strong><\/p>\n\n\n\n<p>S\u00e9ance 3h00 = 45\u20ac\/personnes Enfants 25\u20ac<\/p>\n\n\n\n<p><strong>Corps, mouvements et grossesse (ou pas)<\/strong><\/p>\n\n\n\n<p>S\u00e9ance 1h15 : 1 s\u00e9ance = 30\u20ac, 4 s\u00e9ances = 100\u20ac<\/p>\n\n\n\n<p class=\"has-small-font-size\"><strong>Lundi \u00e0 10h45 :<\/strong> 9\/12, 6\/01, 13\/01, 20\/01, 27\/01<br>24\/2, <br>3\/3, 10\/, 31\/3<br>14\/4, 21\/4, 28\/4, <br>5\/5, 26\/5, <br>2\/6, 9\/6, 23\/6<\/p>\n\n\n\n<p class=\"has-small-font-size\"><strong>Jeudi \u00e0 17h30<\/strong> : 9\/01, 16\/01, 23\/01, 30\/01<br>6\/2, 13\/2, 20\/2, 27\/2, <br>6\/3, <br>3\/4, 10\/4, 17\/4, 24\/4, <br>1\/5, 8\/5, 15\/5, 22\/5, <br>5\/6, 12\/6, 19\/6, 26\/6<\/p>\n\n\n\n<p class=\"has-small-font-size\"><strong>Samedi \u00e0 10h45 <\/strong>: 18\/01, 8\/2, 5\/4, 18\/5, 28\/6<\/p>\n\n\n\n<p><strong>Aquazen . Cercle de femme<\/strong><\/p>\n\n\n\n<p class=\"has-small-font-size\">12\/02, 19\/03, 15\/04, 21\/05, 18\/06, 17\/09, 08\/10, 04\/11, 10\/12<\/p>\n\n\n\n<p>35\u20ac la s\u00e9ance de 19h15 \u00e0 21h00<\/p>\n\n\n\n<p><strong>Relaxation aquatique et sonore&nbsp;<\/strong><\/p>\n\n\n\n<p>s\u00e9ance de 45min = 29\u20ac<\/p>\n\n\n\n<p><strong>Yoga aquatique \/ pr\u00e9natal<\/strong><\/p>\n\n\n\n<p>s\u00e9ance 1h15 : 1 s\u00e9ance = 30\u20ac, 3 s\u00e9ances = 85\u20ac, 6 s\u00e9ances = 160\u20ac, 10 s\u00e9ances = 250\u20ac.<\/p>\n\n\n\n<p><strong>Octopus danse contact aquatique<\/strong><\/p>\n\n\n\n<p>S\u00e9ance 2h00 = 20\u20ac<\/p>\n\n\n\n<p class=\"has-small-font-size\">les vendredi 10\/1, vendredi 7\/2, vendredi 7\/3, vendredi 4\/4, le jeudi 15\/5, vendredi 30\/5, vendredi 27\/6<\/p>\n","protected":false},"excerpt":{"rendered":"<p>Apn\u00e9e m\u00e9ditative s\u00e9ance 1h45 = 45\u20ac Atelier de massage aquatique S\u00e9ance 3h00 = 45\u20ac\/personnes Enfants 25\u20ac Corps, mouvements et grossesse (ou pas) S\u00e9ance 1h15 : 1 s\u00e9ance = 30\u20ac, 4 s\u00e9ances = 100\u20ac Lundi \u00e0 10h45 : 9\/12, 6\/01, 13\/01, 20\/01, 27\/0124\/2, 3\/3, 10\/, 31\/314\/4, 21\/4, 28\/4, 5\/5, 26\/5, 2\/6, 9\/6, 23\/6 Jeudi \u00e0 17h30 [&hellip;]<\/p>\n","protected":false},"author":1,"featured_media":0,"parent":0,"menu_order":0,"comment_status":"closed","ping_status":"closed","template":"page-templates\/full-width.php","meta":{"footnotes":""},"categories":[],"tags":[],"class_list":["post-3825","page","type-page","status-publish","hentry"],"_links":{"self":[{"href":"https:\/\/www.auborddeleau.brussels\/index.php\/wp-json\/wp\/v2\/pages\/3825","targetHints":{"allow":["GET"]}}],"collection":[{"href":"https:\/\/www.auborddeleau.brussels\/index.php\/wp-json\/wp\/v2\/pages"}],"about":[{"href":"https:\/\/www.auborddeleau.brussels\/index.php\/wp-json\/wp\/v2\/types\/page"}],"author":[{"embeddable":true,"href":"https:\/\/www.auborddeleau.brussels\/index.php\/wp-json\/wp\/v2\/users\/1"}],"replies":[{"embeddable":true,"href":"https:\/\/www.auborddeleau.brussels\/index.php\/wp-json\/wp\/v2\/comments?post=3825"}],"version-history":[{"count":11,"href":"https:\/\/www.auborddeleau.brussels\/index.php\/wp-json\/wp\/v2\/pages\/3825\/revisions"}],"predecessor-version":[{"id":4369,"href":"https:\/\/www.auborddeleau.brussels\/index.php\/wp-json\/wp\/v2\/pages\/3825\/revisions\/4369"}],"wp:attachment":[{"href":"https:\/\/www.auborddeleau.brussels\/index.php\/wp-json\/wp\/v2\/media?parent=3825"}],"wp:term":[{"taxonomy":"category","embeddable":true,"href":"https:\/\/www.auborddeleau.brussels\/index.php\/wp-json\/wp\/v2\/categories?post=3825"},{"taxonomy":"post_tag","embeddable":true,"href":"https:\/\/www.auborddeleau.brussels\/index.php\/wp-json\/wp\/v2\/tags?post=3825"}],"curies":[{"name":"wp","href":"https:\/\/api.w.org\/{rel}","templated":true}]}}