{"id":4593,"date":"2026-02-23T17:44:51","date_gmt":"2026-02-23T16:44:51","guid":{"rendered":"https:\/\/www.auborddeleau.brussels\/?page_id=4593"},"modified":"2026-02-23T18:10:15","modified_gmt":"2026-02-23T17:10:15","slug":"seances-decouvertes-la-sante-bleue-du-12-au-15-mars","status":"publish","type":"page","link":"https:\/\/www.auborddeleau.brussels\/index.php\/seances-decouvertes-la-sante-bleue-du-12-au-15-mars\/","title":{"rendered":"S\u00e9ances d\u00e9couvertes : la sant\u00e9 bleue du 12 au 15 mars"},"content":{"rendered":"\n<p>Voulez-vous tester une s\u00e9ance de massage aquatique, une s\u00e9ance collective ? Les deux ?<\/p>\n\n\n\n<p>AcquaYoga, aquagym adapt\u00e9 aux femmes enceintes, un atelier pour apprendre les mouvements de base du massage aquatique, la biodanza, ..?<\/p>\n\n\n\n<figure class=\"wp-block-image size-large\"><a href=\"https:\/\/www.auborddeleau.brussels\/wp-content\/uploads\/2026\/02\/SAnte-bleue.jpg\"><img loading=\"lazy\" decoding=\"async\" width=\"788\" height=\"1024\" src=\"https:\/\/www.auborddeleau.brussels\/wp-content\/uploads\/2026\/02\/SAnte-bleue-788x1024.jpg\" alt=\"\" class=\"wp-image-4595\" srcset=\"https:\/\/www.auborddeleau.brussels\/wp-content\/uploads\/2026\/02\/SAnte-bleue-788x1024.jpg 788w, https:\/\/www.auborddeleau.brussels\/wp-content\/uploads\/2026\/02\/SAnte-bleue-231x300.jpg 231w, https:\/\/www.auborddeleau.brussels\/wp-content\/uploads\/2026\/02\/SAnte-bleue-768x998.jpg 768w, https:\/\/www.auborddeleau.brussels\/wp-content\/uploads\/2026\/02\/SAnte-bleue-624x811.jpg 624w, https:\/\/www.auborddeleau.brussels\/wp-content\/uploads\/2026\/02\/SAnte-bleue.jpg 907w\" sizes=\"auto, (max-width: 788px) 100vw, 788px\" \/><\/a><\/figure>\n","protected":false},"excerpt":{"rendered":"<p>Voulez-vous tester une s\u00e9ance de massage aquatique, une s\u00e9ance collective ? Les deux ? AcquaYoga, aquagym adapt\u00e9 aux femmes enceintes, un atelier pour apprendre les mouvements de base du massage aquatique, la biodanza, ..?<\/p>\n","protected":false},"author":1,"featured_media":0,"parent":0,"menu_order":0,"comment_status":"closed","ping_status":"closed","template":"page-templates\/full-width.php","meta":{"footnotes":""},"categories":[],"tags":[],"class_list":["post-4593","page","type-page","status-publish","hentry"],"_links":{"self":[{"href":"https:\/\/www.auborddeleau.brussels\/index.php\/wp-json\/wp\/v2\/pages\/4593","targetHints":{"allow":["GET"]}}],"collection":[{"href":"https:\/\/www.auborddeleau.brussels\/index.php\/wp-json\/wp\/v2\/pages"}],"about":[{"href":"https:\/\/www.auborddeleau.brussels\/index.php\/wp-json\/wp\/v2\/types\/page"}],"author":[{"embeddable":true,"href":"https:\/\/www.auborddeleau.brussels\/index.php\/wp-json\/wp\/v2\/users\/1"}],"replies":[{"embeddable":true,"href":"https:\/\/www.auborddeleau.brussels\/index.php\/wp-json\/wp\/v2\/comments?post=4593"}],"version-history":[{"count":1,"href":"https:\/\/www.auborddeleau.brussels\/index.php\/wp-json\/wp\/v2\/pages\/4593\/revisions"}],"predecessor-version":[{"id":4597,"href":"https:\/\/www.auborddeleau.brussels\/index.php\/wp-json\/wp\/v2\/pages\/4593\/revisions\/4597"}],"wp:attachment":[{"href":"https:\/\/www.auborddeleau.brussels\/index.php\/wp-json\/wp\/v2\/media?parent=4593"}],"wp:term":[{"taxonomy":"category","embeddable":true,"href":"https:\/\/www.auborddeleau.brussels\/index.php\/wp-json\/wp\/v2\/categories?post=4593"},{"taxonomy":"post_tag","embeddable":true,"href":"https:\/\/www.auborddeleau.brussels\/index.php\/wp-json\/wp\/v2\/tags?post=4593"}],"curies":[{"name":"wp","href":"https:\/\/api.w.org\/{rel}","templated":true}]}}